{"id":1492,"date":"2021-02-23T15:14:45","date_gmt":"2021-02-23T14:14:45","guid":{"rendered":"https:\/\/www.scarlett-o.de\/sinneswandel\/?post_type=product&#038;p=1492"},"modified":"2021-02-24T10:55:56","modified_gmt":"2021-02-24T09:55:56","slug":"sherlock-holmes-in-leipzig","status":"publish","type":"product","link":"https:\/\/www.scarlett-o.de\/sinneswandel\/shop\/sherlock-holmes-in-leipzig\/","title":{"rendered":"Sherlock Holmes in Leipzig"},"content":{"rendered":"<p>SHERLOCK HOLMES IN LEIPZIG<\/p>\n<p>Krimi-Mini-Musical<br \/>\nTextbuch von WOLFGANG SCH\u00dcLER nach seinem gleichnamigen Roman.<\/p>\n<p>Ein einsamer Bienenz\u00fcchter lebt zur\u00fcckgezogen in einem Cottage am \u00c4rmelkanal und verfa\u00dft seine Memoiren, als ihn ein pl\u00f6tzlicher Ruf der britischen Krone erreicht. Man schreibt das Jahr 1910. Sherlock Holmes, der ber\u00fchmteste Detektiv aller Zeiten, wird wieder aktiv. Diesmal mu\u00df er auf Reisen gehen, mitten ins deutsche Kaiserreich. Als B\u00fchnenk\u00fcnstler nimmt er an der Tournee der weltber\u00fchmten Londoner Royal Academy of Dramatic Art teil, um auf dem Kontinent ein Mordkomplott an einer Schauspielerin zu verhindern, dem der britische Geheimdienst auf die Spur gekommen ist: Die Shakespeare-Darstellerin Lotte Land hei\u00dft in Wirklichkeit Charlotte von Cumberland und ist niemand anderes als die Tochter des im \u00f6sterreichischen Exil lebenden K\u00f6nigs von Hannover. Als Charlotte in Leipzig entf\u00fchrt wird, beginnt eine erbarmungslose Verfolgungsjagd. Holmes mu\u00df nun beweisen, dass er l\u00e4ngst nicht zum alten Eisen geh\u00f6rt. Der Auftrag, den er von King George V. pers\u00f6nlich erhalten hat, l\u00e4\u00dft sich in wenige Worte fassen: Sherlock Holmes soll den Ausbruch eines Weltkriegs verhindern! Ganz nebenbei h\u00e4lt dieses Abenteuer unerwartete Ver\u00e4nderungen f\u00fcr das eigentlich gar nicht existierende Familienleben des Meisterdetektivs bereit.<\/p>\n","protected":false},"excerpt":{"rendered":"<p>Doppel-CD, Spielzeit ca. 2h:12min, mit Scarlett O&#8216; und J\u00fcrgen Ehle, \u2117 2018<\/p>\n","protected":false},"featured_media":1493,"template":"","meta":{"jetpack_post_was_ever_published":false},"product_brand":[],"product_cat":[39],"product_tag":[],"class_list":{"0":"post-1492","1":"product","2":"type-product","3":"status-publish","4":"has-post-thumbnail","6":"product_cat-audio-cd","8":"first","9":"instock","10":"taxable","11":"shipping-taxable","12":"purchasable","13":"product-type-simple"},"jetpack_sharing_enabled":true,"_links":{"self":[{"href":"https:\/\/www.scarlett-o.de\/sinneswandel\/wp-json\/wp\/v2\/product\/1492","targetHints":{"allow":["GET"]}}],"collection":[{"href":"https:\/\/www.scarlett-o.de\/sinneswandel\/wp-json\/wp\/v2\/product"}],"about":[{"href":"https:\/\/www.scarlett-o.de\/sinneswandel\/wp-json\/wp\/v2\/types\/product"}],"wp:featuredmedia":[{"embeddable":true,"href":"https:\/\/www.scarlett-o.de\/sinneswandel\/wp-json\/wp\/v2\/media\/1493"}],"wp:attachment":[{"href":"https:\/\/www.scarlett-o.de\/sinneswandel\/wp-json\/wp\/v2\/media?parent=1492"}],"wp:term":[{"taxonomy":"product_brand","embeddable":true,"href":"https:\/\/www.scarlett-o.de\/sinneswandel\/wp-json\/wp\/v2\/product_brand?post=1492"},{"taxonomy":"product_cat","embeddable":true,"href":"https:\/\/www.scarlett-o.de\/sinneswandel\/wp-json\/wp\/v2\/product_cat?post=1492"},{"taxonomy":"product_tag","embeddable":true,"href":"https:\/\/www.scarlett-o.de\/sinneswandel\/wp-json\/wp\/v2\/product_tag?post=1492"}],"curies":[{"name":"wp","href":"https:\/\/api.w.org\/{rel}","templated":true}]}}