{"id":164,"date":"2016-01-27T10:29:56","date_gmt":"2016-01-27T09:29:56","guid":{"rendered":"http:\/\/www.scarlett-o.de\/sinneswandel\/?page_id=164"},"modified":"2024-01-10T18:58:08","modified_gmt":"2024-01-10T17:58:08","slug":"electrocadero","status":"publish","type":"page","link":"https:\/\/www.scarlett-o.de\/sinneswandel\/electrocadero\/","title":{"rendered":"electrocadero (Label)"},"content":{"rendered":"<p>Das Schallplattenlabel electrocadero wurde im Herbst 2005 gegr\u00fcndet, vor allem, um zuk\u00fcnftige CD-Ver\u00f6ffentlichungen von SCARLETT O&#8216; und J\u00fcrgen Ehle zu betreuen. Die CDs k\u00f6nnen <a href=\"https:\/\/www.scarlett-o.de\/sinneswandel\/shop\/\">in unserem Shop<\/a> online bestellt werden.<\/p>\n<p>Produktion Nummer acht war die erste Auftragproduktion f\u00fcr unser Label.<br \/>\nUnter k\u00fcnstlerischer Mitwirkung von J\u00fcrgen entstand die CD &#8222;In Between&#8220; mit dem Uwe Nordwig Project, wobei Verkauf und Vertrieb diesmal in Eigenverantwortung des Band-Projekts erfolgen. Ver\u00f6ffentlichung im M\u00e4rz 2023<\/p>\n<p><img data-recalc-dims=\"1\" loading=\"lazy\" decoding=\"async\" class=\"alignnone size-full wp-image-1998\" src=\"https:\/\/i0.wp.com\/www.scarlett-o.de\/sinneswandel\/wp-content\/uploads\/2023\/03\/Cover_quadratisch.jpg?resize=200%2C200&#038;ssl=1\" alt=\"\" width=\"200\" height=\"200\" srcset=\"https:\/\/i0.wp.com\/www.scarlett-o.de\/sinneswandel\/wp-content\/uploads\/2023\/03\/Cover_quadratisch.jpg?w=200&amp;ssl=1 200w, https:\/\/i0.wp.com\/www.scarlett-o.de\/sinneswandel\/wp-content\/uploads\/2023\/03\/Cover_quadratisch.jpg?resize=100%2C100&amp;ssl=1 100w\" sizes=\"auto, (max-width: 200px) 100vw, 200px\" \/><\/p>\n<hr \/>\n<p>CD Nummer sieben: &#8222;Selbst die Sintflut \/ Dauerte nicht ewig&#8220;<br \/>\nExclusiv f\u00fcr das Brecht-Weigel-Haus in Buckow.<br \/>\nVer\u00f6ffentlichung im September 2021<\/p>\n<p><img data-recalc-dims=\"1\" loading=\"lazy\" decoding=\"async\" class=\"alignnone size-full wp-image-1663\" src=\"https:\/\/i0.wp.com\/www.scarlett-o.de\/sinneswandel\/wp-content\/uploads\/2021\/09\/SdS_frontSiWaElectro.jpg?resize=200%2C180&#038;ssl=1\" alt=\"CD Cover\" width=\"200\" height=\"180\" \/><\/p>\n<hr \/>\n<p>Nummer sechs: Doppel-CD ACH GISELA!<br \/>\nVer\u00f6ffentlichung im Februar 2021<\/p>\n<p><img data-recalc-dims=\"1\" loading=\"lazy\" decoding=\"async\" class=\"alignnone wp-image-1429 size-full\" src=\"https:\/\/i0.wp.com\/www.scarlett-o.de\/sinneswandel\/wp-content\/uploads\/2021\/02\/AG_Cover180.jpg?resize=200%2C180&#038;ssl=1\" alt=\"Cover Doppel-CD &quot;ACH GISELA!&quot;\" width=\"200\" height=\"180\" \/><\/p>\n<hr \/>\n<p>Die F\u00fcnfte ist Scarletts Doppel-CD:<br \/>\n&#8230; ob Du mich lieb hast? \u00fcber Emilie Fontane<br \/>\nVer\u00f6ffentlichung Februar 2020<\/p>\n<p><img data-recalc-dims=\"1\" loading=\"lazy\" decoding=\"async\" class=\"alignnone size-full wp-image-1143\" src=\"https:\/\/i0.wp.com\/www.scarlett-o.de\/sinneswandel\/wp-content\/uploads\/2020\/02\/EF_Cover180-1.jpg?resize=200%2C180\" alt=\"Cover Doppel-CD &quot;... ob Du mich lieb hast? \u00fcber Emilie Fontane&quot;\" width=\"200\" height=\"180\" \/><\/p>\n<hr \/>\n<p>Die Nummer vier:<br \/>\nSHERLOCK HOLMES IN LEIPZIG,<br \/>\nein musikalisches H\u00f6rbuch (Krimi-Mini-Musical)<br \/>\nnach dem gleichnamigen Roman von Wolfgang Sch\u00fcler<br \/>\nVer\u00f6ffentlichung Mai\/Juni 2018<\/p>\n<p><img data-recalc-dims=\"1\" loading=\"lazy\" decoding=\"async\" class=\"alignnone size-full wp-image-840\" src=\"https:\/\/i0.wp.com\/www.scarlett-o.de\/sinneswandel\/wp-content\/uploads\/2018\/04\/HolmesCover180.jpg?resize=199%2C180\" alt=\"\" width=\"199\" height=\"180\" \/><\/p>\n<hr \/>\n<p>Unsere dritte Produktion:<br \/>\nNACHTHEXEN, eine Live-Doppel-CD des gleichnamigen Konzertprogrammes mit Scarlett O&#8216;, Dunja Averdung, J\u00fcrgen Ehle und J\u00f6rg Nassler, erschienen im September 2014.<\/p>\n<p><img data-recalc-dims=\"1\" loading=\"lazy\" decoding=\"async\" class=\"alignnone\" src=\"https:\/\/i0.wp.com\/www.scarlett-o.de\/images\/NH180.jpg?resize=180%2C180\" alt=\"CD Cover 'Nachthexen'\" width=\"180\" height=\"180\" border=\"0\" \/><\/p>\n<hr \/>\n<p>Unsere zweite Produktion:<br \/>\nFIFTY &#8211; FIFTY, mit 17 Songs, am 01.09.08 erschienen.<\/p>\n<p><img data-recalc-dims=\"1\" loading=\"lazy\" decoding=\"async\" class=\"alignnone\" src=\"https:\/\/i0.wp.com\/www.scarlett-o.de\/images\/fifty180.jpg?resize=180%2C179\" alt=\"CD cover 'Fifty - Fifty'\" width=\"180\" height=\"179\" border=\"0\" \/><\/p>\n<hr \/>\n<p>Unsere erste Produktion:<br \/>\n&#8222;Gans ohne Tannenbaum&#8220; , ein Doppelalbum mit Liedern (CD 1) und Geschichten (H\u00f6rbuch \/ CD 2) zur Weihnachtszeit erschien im Herbst 2005. Der musikalische Teil des Doppelalbums steht ab sofort auch als MP3-download zur Verf\u00fcgung.<\/p>\n<p><img data-recalc-dims=\"1\" loading=\"lazy\" decoding=\"async\" class=\"alignnone\" src=\"https:\/\/i0.wp.com\/www.scarlett-o.de\/images\/why180.jpg?resize=180%2C180\" alt=\"CD-Cover 'Gans ohne Tannenbaum'\" width=\"180\" height=\"180\" border=\"0\" \/><\/p>\n<hr \/>\n<p>eMail: <a title=\"web@electrocadero.de\" href=\"mailto:info@electrocadero.de\">info@electrocadero.de<\/a><br \/>\n[ J\u00fcrgen Ehle ]<br \/>\neMail: <a href=\"mailto:scarlett@scarlett-o.de\">scarlett@scarlett-o.de<\/a><br \/>\n[ SCARLETT O&#8216; ]<\/p>\n<p class=\"little\"><a href=\"http:\/\/www.scarlett-o.de\">homepage von SCARLETT O&#8216;<\/a><br \/>\n<a href=\"http:\/\/www.juergen-ehle.de\/\">homepage von J\u00fcrgen Ehle<\/a><\/p>\n","protected":false},"excerpt":{"rendered":"<p>Das Schallplattenlabel electrocadero wurde im Herbst 2005 gegr\u00fcndet, vor allem, um zuk\u00fcnftige CD-Ver\u00f6ffentlichungen von SCARLETT O&#8216; und J\u00fcrgen Ehle zu betreuen. Die CDs k\u00f6nnen in unserem Shop online bestellt werden. &hellip; <a href=\"https:\/\/www.scarlett-o.de\/sinneswandel\/electrocadero\/\" class=\"more-link\"><span class=\"screen-reader-text\">electrocadero (Label)<\/span> weiterlesen<\/a><\/p>\n","protected":false},"author":2,"featured_media":0,"parent":0,"menu_order":0,"comment_status":"closed","ping_status":"closed","template":"","meta":{"jetpack_post_was_ever_published":false,"footnotes":""},"class_list":["post-164","page","type-page","status-publish","hentry"],"jetpack_shortlink":"https:\/\/wp.me\/P7bAW9-2E","jetpack_sharing_enabled":true,"_links":{"self":[{"href":"https:\/\/www.scarlett-o.de\/sinneswandel\/wp-json\/wp\/v2\/pages\/164","targetHints":{"allow":["GET"]}}],"collection":[{"href":"https:\/\/www.scarlett-o.de\/sinneswandel\/wp-json\/wp\/v2\/pages"}],"about":[{"href":"https:\/\/www.scarlett-o.de\/sinneswandel\/wp-json\/wp\/v2\/types\/page"}],"author":[{"embeddable":true,"href":"https:\/\/www.scarlett-o.de\/sinneswandel\/wp-json\/wp\/v2\/users\/2"}],"replies":[{"embeddable":true,"href":"https:\/\/www.scarlett-o.de\/sinneswandel\/wp-json\/wp\/v2\/comments?post=164"}],"version-history":[{"count":26,"href":"https:\/\/www.scarlett-o.de\/sinneswandel\/wp-json\/wp\/v2\/pages\/164\/revisions"}],"predecessor-version":[{"id":2123,"href":"https:\/\/www.scarlett-o.de\/sinneswandel\/wp-json\/wp\/v2\/pages\/164\/revisions\/2123"}],"wp:attachment":[{"href":"https:\/\/www.scarlett-o.de\/sinneswandel\/wp-json\/wp\/v2\/media?parent=164"}],"curies":[{"name":"wp","href":"https:\/\/api.w.org\/{rel}","templated":true}]}}